ivided by 272.
70
Calculate the remainder when 869 is divided by 185.
129
What is the remainder when 42 is divided by 12?
6
What is the remainder when 150 is divided by 8?
6
Calculate the remainder when 323 is divided by 27.
26
Calculate the remainder when 1086 is divided by 214.
16
Calculate the remainder when 229 is divided by 78.
73
What is the remainder when 63 is divided by 30?
3
Calculate the remainder when 1879 is divided by 189.
178
What is the remainder when 1025 is divided by 170?
5
Calculate the remainder when 624 is divided by 414.
210
Calculate the remainder when 60 is divided by 10.
0
Calculate the remainder when 707 is divided by 106.
71
Calculate the remainder when 2715 is divided by 7.
6
Calculate the remainder when 563 is divided by 548.
15
Calculate the remainder when 136 is divided by 46.
44
What is the remainder when 144 is divided by 12?
0
What is the remainder when 252 is divided by 32?
28
Calculate the remainder when 83 is divided by 4.
3
Calculate the remainder when 1428 is divided by 27.
24
What is the remainder when 4016 is divided by 98?
96
What is the remainder when 3001 is divided by 750?
1
What is the remainder when 285 is divided by 82?
39
What is the remainder when 246 is divided by 13?
12
Calculate the remainder when 351 is divided by 121.
109
What is the remainder when 444 is divided by 226?
218
Calculate the remainder when 761 is divided by 128.
121
What is the remainder when 1456 is divided by 726?
4
Calculate the remainder when 159 is divided by 20.
19
What is the remainder when 6371 is divided by 1591?
7
Calculate the remainder when 1684 is divided by 18.
10
Calculate the remainder when 15884 is divided by 13.
11
What is the remainder when 186 is divided by 8?
2
Calculate the remainder when 128 is divided by 60.
8
What is the remainder when 7 is divided by 4?
3
What is the remainder when 574 is divided by 2?
0
Calculate the remainder when 3882 is divided by 259.
256
Calculate the remainder when 168 is divided by 83.
2
Calculate the remainder when 13462 is divided by 22.
20
What is the remainder when 11547 is divided by 42?
39
What is the remainder when 6210 is divided by 4?
2
Calculate the remainder when 327 is divided by 113.
101
Calculate the remainder when 191 is divided by 33.
26
What is the remainder when 104 is divided by 8?
0
Calculate the remainder when 3661 is divided by 33.
31
What is the remainder when 152 is divided by 39?
35
Calculate the remainder when 493 is divided by 17.
0
What is the remainder when 692 is divided by 93?
41
Calculate the remainder when 214 is divided by 60.
34
What is the remainder when 259 is divided by 62?
11
What is the remainder when 1580 is divided by 158?
0
What is the remainder when 557 is divided by 74?
39
What is the remainder when 972 is divided by 65?
62
Calculate the remainder when 1440 is divided by 81.
63
What is the remainder when 587 is divided by 74?
69
What is the remainder when 1683 is divided by 4?
3
What is the remainder when 45 is divided by 31?
14
What is the remainder when 2217 is divided by 30?
27
What is the remainder when 241 is divided by 33?
10
What is the remainder when 347 is divided by 186?
161
What is the remainder when 489 is divided by 26?
21
Calculate the remainder when 4913 is divided by 56.
41
Calculate the remainder when 246 is divided by 88.
70
What is the remainder when 39 is divided by 4?
3
What is the remainder when 1035 is divided by 7?
6
What is the remainder when 147 is divided by 43?
18
Calculate the remainder when 5248 is divided by 14.
12
What is the remainder when 202 is divided by 70?
62
Calculate the remainder when 83 is divided by 33.
17
Calculate the remainder when 195 is divided by 153.
42
What is the remainder when 1602 is divided by 37?
11
What is the remainder when 464 is divided by 18?
14
What is the remainder when 146 is divided by 21?
20
What is the remainder when 161 is divided by 123?
38
What is the remainder when 224 is divided by 136?
88
Calculate the remainder when 3986 is divided by 3.
2
What is the remainder when 314 is divided by 32?
26
Calculate the remainder when 1191 is divided by 124.
75
What is the remainder when 1810 is divided by 32?
18
What is the remainder when 251 is divided by 7?
6
Calculate the remainder when 979 is divided by 37.
17
Calculate the remainder when 518 is divided by 103.
3
Calculate the remainder when 1478 is divided by 124.
114
What is the remainder when 79 is divided by 12?
7
What is the remainder when 436 is divided by 11?
7
What is the remainder when 205 is divided by 13?
10
What is the remainder when 231 is divided by 16?
7
What is the remainder when 51 is divided by 3?
0
What is the remainder when 98 is divided by 34?
30
What is the remainder when 51 is divided by 10?
1
What is the remainder when 1196 is divided by 547?
102
Calculate the remainder when 445 is divided by 107.
17
Calculate the remainder when 569 is divided by 211.
147
Calculate the remainder when 197 is divided by 162.
35
Calculate the remainder when 3051 is divided by 113.
0
What is the remainder when 228 is divided by 11?
8
Calculate the remainder when 7055 is divided by 126.
125
What is the remainder when 256 is divided by 67?
55
Calculate the remainder when 245 is divided by 129.
116
What is the remainder when 126 is divided by 48?
30
Calculate the remainder when 168 is divided by 61.
46
Calculate the remainder when 2149 is divided by 33.
4
What is the remainder when 18623 is divided by 15?
8
What is the remainder when 2561 is divided by 7?
6
Calculate the remainder when 387 is divided by 18.
9
Calculate the remainder when 59 is divided by 17.
8
Calculate the remainder when 216 is divided by 78.
60
What is the remainder when 3905 is divided by 63?
62
What is the remainder when 2275 is divided by 38?
33
Calculate the remainder when 474 is divided by 38.
18
Calculate the remainder when 469 is divided by 160.
149
Calculate the remainder when 256 is divided by 63.
4
What is the remainder when 22856 is divided by 22?
20
Calculate the remainder when 329 is divided by 71.
45
Calculate the remainder when 436 is divided by 40.
36
What is the remainder when 318 is divided by 53?
0
What is the remainder when 144 is divided by 21?
18
What is the remainder when 5515 is divided by 551?
5
What is the remainder when 28 is divided by 3?
1
What is the remainder when 250 is divided by 18?
16
Calculate the remainder when 248 is divided by 105.
38
Calculate the remainder when 944 is divided by 30.
14
Calculate the remainder when 398 is divided by 65.
8
What is the remainder when 906 is divided by 101?
98
What is the remainder when 215 is divided by 127?
88
Calculate the remainder when 154 is divided by 16.
10
Calculate the remainder when 247 is divided by 25.
22
Calculate the remainder when 5708 is divided by 33.
32
Calculate the remainder when 36 is divided by 12.
0
Calculate the remainder when 15 is divided by 3.
0
What is the remainder when 108 is divided by 24?
12
Calculate the remainder when 489 is divided by 296.
193
Calculate the remainder when 295 is divided by 90.
25
Calculate the remainder when 209 is divided by 35.
34
Calculate the remainder when 163 is divided by 38.
11
What is the remainder when 1063 is divided by 26?
23
Calculate the remainder when 516 is divided by 12.
0
What is the remainder when 1421 is divided by 18?
17
Calculate the remainder when 348 is divided by 205.
143
What is the remainder when 627 is divided by 37?
35
Calculate the remainder when 12582 is divided by 104.
102
Calculate the remainder when 7098 is divided by 355.
353
Calculate the remainder when 48 is divided by 26.
22
What is the remainder when 357 is divided by 119?
0
Calculate the remainder when 244 is divided by 50.
44
What is the remainder when 104 is divided by 16?
8
Calculate the remainder when 1366 is divided by 343.
337
Calculate the remainder when 79 is divided by 27.
25
What is the remainder when 190 is divided by 24?
22
What is the remainder when 928 is divided by 155?
153
Calculate the remainder when 175 is divided by 44.
43
What is the remainder when 261 is divided by 14?
9
Calculate the remainder when 1956 is divided by 967.
22
What is the remainder when 230 is divided by 59?
53
Calculate the remainder when 148 is d